{"id":21,"date":"2024-03-30T14:00:00","date_gmt":"2024-03-30T14:00:00","guid":{"rendered":"https:\/\/xn--vredalenborettslag2-u7b.no\/?page_id=21"},"modified":"2024-04-03T13:24:15","modified_gmt":"2024-04-03T13:24:15","slug":"tjenester","status":"publish","type":"page","link":"https:\/\/xn--vredalenborettslag2-u7b.no\/?page_id=21","title":{"rendered":"Tjenester"},"content":{"rendered":"\n<div class=\"wp-block-cover alignfull\" style=\"min-height:350px;aspect-ratio:unset;\"><span aria-hidden=\"true\" class=\"wp-block-cover__background has-background-dim\"><\/span><img loading=\"lazy\" decoding=\"async\" width=\"2560\" height=\"1920\" class=\"wp-block-cover__image-background wp-image-36\" alt=\"\" src=\"https:\/\/xn--vredalenborettslag2-u7b.no\/wp-content\/uploads\/2024\/03\/2-mb-bilde-1-scaled.jpg\" data-object-fit=\"cover\" srcset=\"https:\/\/xn--vredalenborettslag2-u7b.no\/wp-content\/uploads\/2024\/03\/2-mb-bilde-1-scaled.jpg 2560w, https:\/\/xn--vredalenborettslag2-u7b.no\/wp-content\/uploads\/2024\/03\/2-mb-bilde-1-300x225.jpg 300w, https:\/\/xn--vredalenborettslag2-u7b.no\/wp-content\/uploads\/2024\/03\/2-mb-bilde-1-1024x768.jpg 1024w, https:\/\/xn--vredalenborettslag2-u7b.no\/wp-content\/uploads\/2024\/03\/2-mb-bilde-1-768x576.jpg 768w, https:\/\/xn--vredalenborettslag2-u7b.no\/wp-content\/uploads\/2024\/03\/2-mb-bilde-1-1536x1152.jpg 1536w, https:\/\/xn--vredalenborettslag2-u7b.no\/wp-content\/uploads\/2024\/03\/2-mb-bilde-1-2048x1536.jpg 2048w\" sizes=\"auto, (max-width: 2560px) 100vw, 2560px\" \/><div class=\"wp-block-cover__inner-container has-global-padding is-layout-constrained wp-container-core-cover-is-layout-4383d167 wp-block-cover-is-layout-constrained\">\n<h2 class=\"wp-block-heading has-text-align-center has-text-color has-link-color has-suranna-font-family wp-elements-ea8900c322112ec0a6639e8a16137743\" style=\"color:#ffffff;font-size:clamp(33.419px, 2.089rem + ((1vw - 3.2px) * 3.021), 60px);font-style:normal;font-weight:500\">Velkommen!<\/h2>\n<\/div><\/div>\n\n\n\n<div class=\"wp-block-group alignfull has-global-padding is-layout-constrained wp-container-core-group-is-layout-4383d167 wp-block-group-is-layout-constrained\">\n<div class=\"wp-block-group alignwide has-global-padding is-layout-constrained wp-container-core-group-is-layout-3dead192 wp-block-group-is-layout-constrained\" style=\"margin-top:0;margin-bottom:0;padding-top:80px;padding-bottom:80px\">\n<div class=\"wp-block-columns alignwide is-layout-flex wp-container-core-columns-is-layout-9cf8123d wp-block-columns-is-layout-flex\">\n<div class=\"wp-block-column is-layout-flow wp-block-column-is-layout-flow\">\n<figure class=\"wp-block-image size-large\"><img decoding=\"async\" src=\"https:\/\/images.unsplash.com\/photo-1576097449798-7c7f90e1248a?ixid=M3w1NjExMzd8MHwxfHNlYXJjaHwyN3x8c2NhbmRpbmF2aWFuJTIwa2l0Y2hlbiUyMGNvc3l8ZW58MHx8fHwxNzExODkwMDU3fDA&amp;ixlib=rb-4.0.3&amp;fm=webp&amp;w=1024&amp;h=680&amp;fit=crop\" alt=\"\" class=\"wp-image-2481\" style=\"aspect-ratio:4\/3;object-fit:cover\"\/><\/figure>\n<\/div>\n\n\n\n<div class=\"wp-block-column is-vertically-aligned-center is-layout-flow wp-block-column-is-layout-flow\" style=\"padding-left:15px\">\n<h2 class=\"wp-block-heading has-text-color has-link-color has-suranna-font-family wp-elements-6f7a605e214fb1a26fe1cc30ba5d5975\" style=\"color:#000000;font-size:clamp(32.518px, 2.032rem + ((1vw - 3.2px) * 2.896), 58px);font-style:normal;font-weight:500;line-height:0.7\">Nyrenovert<\/h2>\n\n\n\n<p class=\"has-text-color has-link-color has-outfit-font-family wp-elements-98f48959533675ec35a7ff656eefc3d8\" style=\"color:#000000;font-size:clamp(14px, 0.875rem + ((1vw - 3.2px) * 0.455), 18px);font-style:normal;font-weight:400\">I l\u00f8pet av de siste \u00e5rene har Huset gjennomg\u00e5tt betydelige oppgraderinger. Ny stigeledning, R\u00f8rrenovering fra leilighetene helt ut til offentlig koblingspunkt. Nytt tak med dobbelpannet glasert takstein. Moderne avfuktingssystem Nymalt fasade, Nye vinduer tilpasset moderne energi krav. Nyrenovert piper gj\u00f8r vedfyringen b\u00e5de tryggere og mere effektiv. Ip baserte portelefoner og smarte l\u00e5sesystemer gir beboerene n\u00f8kkelfri adkomst til huset hele d\u00f8gnet. I Kjeller har vi et Smart klima anlegg som gir sikker trygg lagring \u00e5ret rundt. <br><br>Alle store vedlikeholds oppgaver er gjennomf\u00f8rt&#8230;<\/p>\n\n\n\n<div class=\"wp-block-buttons is-layout-flex wp-block-buttons-is-layout-flex\">\n<div class=\"wp-block-button has-custom-font-size has-outfit-font-family\" style=\"font-size:clamp(14px, 0.875rem + ((1vw - 3.2px) * 0.455), 18px);\"><a class=\"wp-block-button__link has-text-color has-background has-link-color wp-element-button\" href=\"#\" style=\"border-radius:0px;color:#ffffff;background-color:#528d8e;padding-top:8px;padding-right:60px;padding-bottom:8px;padding-left:60px\">Oppdag Mer<\/a><\/div>\n<\/div>\n<\/div>\n<\/div>\n\n\n\n<div class=\"wp-block-columns alignwide is-layout-flex wp-container-core-columns-is-layout-f9472849 wp-block-columns-is-layout-flex\" style=\"padding-top:80px;padding-bottom:80px\">\n<div class=\"wp-block-column is-vertically-aligned-center is-layout-flow wp-block-column-is-layout-flow\" style=\"padding-right:15px\">\n<h2 class=\"wp-block-heading has-text-color has-link-color has-suranna-font-family wp-elements-18b52899a0450ba8f1a3e24caa60858b\" style=\"color:#000000;font-size:clamp(32.518px, 2.032rem + ((1vw - 3.2px) * 2.896), 58px);font-style:normal;font-weight:500;line-height:0.7\">Praktisk parkering<\/h2>\n\n\n\n<p class=\"has-text-color has-link-color has-outfit-font-family wp-elements-767b1e904b7adab8f4dc600783fe52d9\" style=\"color:#000000;font-size:clamp(14px, 0.875rem + ((1vw - 3.2px) * 0.455), 18px);font-style:normal;font-weight:400\">Gode parkeringsplasser p\u00e5 eiendommen. Egen parkeringsplass sikrer at du alltid har en sikker og lett tilgjengelig plass for kj\u00f8ret\u00f8yet ditt. Med tilgang til zaptecs ladesystem  for elektriske kj\u00f8ret\u00f8y, kan du enkelt omfavne et b\u00e6rekraftig liv. <\/p>\n\n\n\n<div class=\"wp-block-buttons is-layout-flex wp-block-buttons-is-layout-flex\">\n<div class=\"wp-block-button has-custom-font-size has-outfit-font-family\" style=\"font-size:clamp(14px, 0.875rem + ((1vw - 3.2px) * 0.455), 18px);\"><a class=\"wp-block-button__link has-text-color has-background has-link-color wp-element-button\" href=\"#\" style=\"border-radius:0px;color:#ffffff;background-color:#528d8e;padding-top:8px;padding-right:60px;padding-bottom:8px;padding-left:60px\">Kom i gang<\/a><\/div>\n<\/div>\n<\/div>\n\n\n\n<div class=\"wp-block-column is-layout-flow wp-block-column-is-layout-flow\">\n<figure class=\"wp-block-image size-full\"><img decoding=\"async\" src=\"https:\/\/images.unsplash.com\/photo-1629375438015-f74506993e2c?ixid=M3w1NjExMzd8MHwxfHNlYXJjaHwzMHx8emFwdGVjJTIwcGFya2luZ3xlbnwwfHx8fDE3MTE4OTAyMzl8MA&amp;ixlib=rb-4.0.3&amp;fm=webp&amp;w=1920&amp;h=1080&amp;fit=crop\" alt=\"\" class=\"wp-image-2482\" style=\"aspect-ratio:4\/3;object-fit:cover\"\/><\/figure>\n<\/div>\n<\/div>\n\n\n\n<div class=\"wp-block-columns alignwide is-layout-flex wp-container-core-columns-is-layout-9cf8123d wp-block-columns-is-layout-flex\">\n<div class=\"wp-block-column is-layout-flow wp-block-column-is-layout-flow\">\n<figure class=\"wp-block-image size-large\"><img decoding=\"async\" src=\"https:\/\/images.unsplash.com\/photo-1639580133969-48cbbce72e1f?ixid=M3w1NjExMzd8MHwxfHNlYXJjaHwxOXx8bGF1bmRyeXxlbnwwfHx8fDE3MTE4MTg5MzV8MA&amp;ixlib=rb-4.0.3&amp;fm=webp&amp;w=1024&amp;h=683&amp;fit=crop\" alt=\"\" class=\"wp-image-2483\" style=\"aspect-ratio:4\/3;object-fit:cover\"\/><\/figure>\n<\/div>\n\n\n\n<div class=\"wp-block-column is-vertically-aligned-center is-layout-flow wp-block-column-is-layout-flow\" style=\"padding-left:15px\">\n<h2 class=\"wp-block-heading has-text-color has-link-color has-suranna-font-family wp-elements-9c3f6aa044916813a13ebbd05a305fc8\" style=\"color:#000000;font-size:clamp(32.518px, 2.032rem + ((1vw - 3.2px) * 2.896), 58px);font-style:normal;font-weight:500;line-height:0.7\">Moderne Vaskeri<\/h2>\n\n\n\n<p class=\"has-text-color has-link-color has-outfit-font-family wp-elements-cb32b2aaf143fbf02f97bd1f7e4bca35\" style=\"color:#000000;font-size:clamp(14px, 0.875rem + ((1vw - 3.2px) * 0.455), 18px);font-style:normal;font-weight:400\">V\u00e5rt nyoppussede vaskerom med effektiv industri vaskemaskin og sikker oppbevaring av vaskemidler kan du enkelt ta vare p\u00e5 t\u00f8yet ditt. Fra skittent til rent p\u00e5 30 minutter, er en joker i ermet i spillet med \u00e5 f\u00e5 tidskabalen til \u00e5 g\u00e5 opp i hverdagen.<\/p>\n\n\n\n<div class=\"wp-block-buttons is-layout-flex wp-block-buttons-is-layout-flex\">\n<div class=\"wp-block-button has-custom-font-size has-outfit-font-family\" style=\"font-size:clamp(14px, 0.875rem + ((1vw - 3.2px) * 0.455), 18px);\"><a class=\"wp-block-button__link has-text-color has-background has-link-color wp-element-button\" href=\"#\" style=\"border-radius:0px;color:#ffffff;background-color:#528d8e;padding-top:8px;padding-right:60px;padding-bottom:8px;padding-left:60px\">L\u00e6r mer<\/a><\/div>\n<\/div>\n<\/div>\n<\/div>\n<\/div>\n<\/div>\n\n\n\n<section class=\"wp-block-cover alignfull is-light\" style=\"margin-top:0px;padding-top:1.01rem;padding-bottom:1.01rem;min-height:750px;aspect-ratio:unset;\"><span aria-hidden=\"true\" class=\"wp-block-cover__background has-background-dim-0 has-background-dim\" style=\"background-color:#edf1f2\"><\/span><img loading=\"lazy\" decoding=\"async\" width=\"2560\" height=\"1920\" class=\"wp-block-cover__image-background wp-image-36\" alt=\"\" src=\"https:\/\/xn--vredalenborettslag2-u7b.no\/wp-content\/uploads\/2024\/03\/2-mb-bilde-1-scaled.jpg\" data-object-fit=\"cover\" srcset=\"https:\/\/xn--vredalenborettslag2-u7b.no\/wp-content\/uploads\/2024\/03\/2-mb-bilde-1-scaled.jpg 2560w, https:\/\/xn--vredalenborettslag2-u7b.no\/wp-content\/uploads\/2024\/03\/2-mb-bilde-1-300x225.jpg 300w, https:\/\/xn--vredalenborettslag2-u7b.no\/wp-content\/uploads\/2024\/03\/2-mb-bilde-1-1024x768.jpg 1024w, https:\/\/xn--vredalenborettslag2-u7b.no\/wp-content\/uploads\/2024\/03\/2-mb-bilde-1-768x576.jpg 768w, https:\/\/xn--vredalenborettslag2-u7b.no\/wp-content\/uploads\/2024\/03\/2-mb-bilde-1-1536x1152.jpg 1536w, https:\/\/xn--vredalenborettslag2-u7b.no\/wp-content\/uploads\/2024\/03\/2-mb-bilde-1-2048x1536.jpg 2048w\" sizes=\"auto, (max-width: 2560px) 100vw, 2560px\" \/><div class=\"wp-block-cover__inner-container has-global-padding is-layout-constrained wp-container-core-cover-is-layout-08e95c49 wp-block-cover-is-layout-constrained\">\n<div class=\"wp-block-group is-vertical is-content-justification-center is-nowrap is-layout-flex wp-container-core-group-is-layout-36c4bdba wp-block-group-is-layout-flex\" style=\"margin-top:0px;padding-top:0rem;padding-right:1rem;padding-bottom:0rem;padding-left:1rem;font-size:clamp(0.875rem, 0.875rem + ((1vw - 0.2rem) * 0.464), 1.13rem);font-style:normal;font-weight:400;line-height:1.4\">\n<div class=\"wp-block-group has-background has-global-padding is-layout-constrained wp-container-core-group-is-layout-1a95df51 wp-block-group-is-layout-constrained\" style=\"background-color:#fffffd;padding-top:4.21rem;padding-right:2.51rem;padding-bottom:4.51rem;padding-left:2.51rem\">\n<h2 class=\"wp-block-heading has-text-align-center has-text-color\" style=\"color:#010101;margin-bottom:0rem;font-size:clamp(1.888rem, 1.888rem + ((1vw - 0.2rem) * 2.585), 3.31rem);font-style:normal;font-weight:400;line-height:1.2\">Glade Beboere<\/h2>\n\n\n\n<p class=\"has-text-align-center has-text-color\" style=\"color:#010101;font-size:clamp(0.875rem, 0.875rem + ((1vw - 0.2rem) * 0.609), 1.21rem);line-height:1.5\">\u00c5 bo her har virkelig hevet livsstilen min. De moderne fasilitetene og den praktiske parkeringsplassen gj\u00f8r hverdagen til en lek. Vaskefasilitetene er f\u00f8rsteklasses, og jeg setter pris p\u00e5 fokuset p\u00e5 b\u00e6rekraft med elbil-lading. Dette stedet er en ekte perle.<\/p>\n\n\n\n<p class=\"has-text-align-center has-text-color has-link-color wp-elements-3461ddc37426cfd176ae0ca40179466d\" style=\"color:#000000;margin-top:2.01rem;font-size:clamp(0.879rem, 0.879rem + ((1vw - 0.2rem) * 0.784), 1.31rem);font-style:normal;font-weight:500;text-transform:uppercase\">FORN\u00d8YD BEBOER<\/p>\n<\/div>\n<\/div>\n<\/div><\/section>\n","protected":false},"excerpt":{"rendered":"<p>Nyrenovert I l\u00f8pet av de siste \u00e5rene har Huset gjennomg\u00e5tt betydelige oppgraderinger. Ny stigeledning, R\u00f8rrenovering fra leilighetene helt ut til offentlig koblingspunkt. Nytt tak med dobbelpannet glasert takstein. Moderne avfuktingssystem Nymalt fasade, Nye vinduer tilpasset moderne energi krav. Nyrenovert piper gj\u00f8r vedfyringen b\u00e5de tryggere og mere effektiv. Ip baserte portelefoner og smarte l\u00e5sesystemer gir beboerene [&hellip;]<\/p>\n","protected":false},"author":2,"featured_media":0,"parent":0,"menu_order":0,"comment_status":"closed","ping_status":"closed","template":"","meta":{"footnotes":""},"class_list":["post-21","page","type-page","status-publish","hentry"],"_links":{"self":[{"href":"https:\/\/xn--vredalenborettslag2-u7b.no\/index.php?rest_route=\/wp\/v2\/pages\/21","targetHints":{"allow":["GET"]}}],"collection":[{"href":"https:\/\/xn--vredalenborettslag2-u7b.no\/index.php?rest_route=\/wp\/v2\/pages"}],"about":[{"href":"https:\/\/xn--vredalenborettslag2-u7b.no\/index.php?rest_route=\/wp\/v2\/types\/page"}],"author":[{"embeddable":true,"href":"https:\/\/xn--vredalenborettslag2-u7b.no\/index.php?rest_route=\/wp\/v2\/users\/2"}],"replies":[{"embeddable":true,"href":"https:\/\/xn--vredalenborettslag2-u7b.no\/index.php?rest_route=%2Fwp%2Fv2%2Fcomments&post=21"}],"version-history":[{"count":9,"href":"https:\/\/xn--vredalenborettslag2-u7b.no\/index.php?rest_route=\/wp\/v2\/pages\/21\/revisions"}],"predecessor-version":[{"id":79,"href":"https:\/\/xn--vredalenborettslag2-u7b.no\/index.php?rest_route=\/wp\/v2\/pages\/21\/revisions\/79"}],"wp:attachment":[{"href":"https:\/\/xn--vredalenborettslag2-u7b.no\/index.php?rest_route=%2Fwp%2Fv2%2Fmedia&parent=21"}],"curies":[{"name":"wp","href":"https:\/\/api.w.org\/{rel}","templated":true}]}}