{"id":19,"date":"2024-03-30T13:59:31","date_gmt":"2024-03-30T13:59:31","guid":{"rendered":"https:\/\/xn--vredalenborettslag2-u7b.no\/?page_id=19"},"modified":"2024-04-03T17:07:40","modified_gmt":"2024-04-03T17:07:40","slug":"om","status":"publish","type":"page","link":"https:\/\/xn--vredalenborettslag2-u7b.no\/?page_id=19","title":{"rendered":"Om"},"content":{"rendered":"\n<div class=\"wp-block-cover alignfull\"><span aria-hidden=\"true\" class=\"wp-block-cover__background has-background-dim-60 has-background-dim\" style=\"background-color:#342f29\"><\/span><img loading=\"lazy\" decoding=\"async\" width=\"2560\" height=\"1920\" class=\"wp-block-cover__image-background wp-image-36\" alt=\"\" src=\"https:\/\/xn--vredalenborettslag2-u7b.no\/wp-content\/uploads\/2024\/03\/2-mb-bilde-1-scaled.jpg\" data-object-fit=\"cover\" srcset=\"https:\/\/xn--vredalenborettslag2-u7b.no\/wp-content\/uploads\/2024\/03\/2-mb-bilde-1-scaled.jpg 2560w, https:\/\/xn--vredalenborettslag2-u7b.no\/wp-content\/uploads\/2024\/03\/2-mb-bilde-1-300x225.jpg 300w, https:\/\/xn--vredalenborettslag2-u7b.no\/wp-content\/uploads\/2024\/03\/2-mb-bilde-1-1024x768.jpg 1024w, https:\/\/xn--vredalenborettslag2-u7b.no\/wp-content\/uploads\/2024\/03\/2-mb-bilde-1-768x576.jpg 768w, https:\/\/xn--vredalenborettslag2-u7b.no\/wp-content\/uploads\/2024\/03\/2-mb-bilde-1-1536x1152.jpg 1536w, https:\/\/xn--vredalenborettslag2-u7b.no\/wp-content\/uploads\/2024\/03\/2-mb-bilde-1-2048x1536.jpg 2048w\" sizes=\"auto, (max-width: 2560px) 100vw, 2560px\" \/><div class=\"wp-block-cover__inner-container has-global-padding is-layout-constrained wp-container-core-cover-is-layout-4383d167 wp-block-cover-is-layout-constrained\">\n<h1 class=\"wp-block-heading has-text-align-center has-text-color\" style=\"color:#e4e2d7;font-size:clamp(36.518px, 2.282rem + ((1vw - 3.2px) * 3.464), 67px);font-style:normal;font-weight:400;line-height:1\">Velkommen<\/h1>\n<\/div><\/div>\n\n\n\n<div class=\"wp-block-cover alignfull is-light has-text-color\" style=\"color:#646257;margin-top:0;margin-bottom:0;padding-top:100px;padding-bottom:60px\"><span aria-hidden=\"true\" class=\"wp-block-cover__background has-background-dim-100 has-background-dim\" style=\"background-color:#fffef7\"><\/span><div class=\"wp-block-cover__inner-container has-global-padding is-layout-constrained wp-container-core-cover-is-layout-3f0c59c0 wp-block-cover-is-layout-constrained\">\n<div class=\"wp-block-columns is-layout-flex wp-container-core-columns-is-layout-c2d6fa21 wp-block-columns-is-layout-flex\">\n<div class=\"wp-block-column is-layout-flow wp-block-column-is-layout-flow\" style=\"flex-basis:50%\">\n<figure class=\"wp-block-image aligncenter size-full\"><img decoding=\"async\" src=\"https:\/\/images.unsplash.com\/photo-1509315047084-af74f1192bee?ixid=M3w1NjExMzd8MHwxfHNlYXJjaHw1fHxub3J3YXklMjBnYXJkZW58ZW58MHx8fHwxNzExODg5MTAzfDA&amp;ixlib=rb-4.0.3&amp;fm=webp&amp;w=1024&amp;h=683&amp;fit=crop\" alt=\"\" class=\"wp-image-1901\" style=\"aspect-ratio:4\/3;object-fit:cover\"\/><\/figure>\n<\/div>\n\n\n\n<div class=\"wp-block-column is-vertically-aligned-center is-layout-flow wp-block-column-is-layout-flow\" style=\"padding-right:60px\">\n<h2 class=\"wp-block-heading has-text-color has-link-color wp-elements-f94522d19c3ed7e442e19db15cdcce59\" style=\"color:#646257;font-size:clamp(29.768px, 1.861rem + ((1vw - 3.2px) * 2.526), 52px);\">Nabolaget<\/h2>\n\n\n\n<p>Velkommen til \u00d8vredalen Borettslag II, <br>et lite frittst\u00e5ende borettslag med 12 andeler.. <br><br>Huset ligger i et fint omr\u00e5de p\u00e5 Minde. Her er det rikelig med dagligvarebutikker, kort avstand til bussholdeplass og bybane og rikelig med turmuligheter i n\u00e6romr\u00e5det<\/p>\n\n\n\n<p>For studenter er dette en perfekt beliggenhet, med b\u00e5de HVL, BI og UiB f\u00e5 minutter unna.<\/p>\n\n\n\n<p>Det er enkelt \u00e5 ta seg til Bergen sentrum i ene retningen, samt Bergen Lufthavn i motsatt retning. Bybanen tar deg direkte til flyplassen.<\/p>\n\n\n\n<p>Det er fine parkomr\u00e5der i n\u00e6rheten, og fra Huset er det kort avstand til fine turmuligheter som Ulriken, L\u00f8vstien og L\u00f8vstakken<\/p>\n<\/div>\n<\/div>\n<\/div><\/div>\n\n\n\n<div class=\"wp-block-cover alignfull is-light has-text-color\" style=\"color:#646257;margin-top:0;margin-bottom:0;padding-top:60px;padding-bottom:100px\"><span aria-hidden=\"true\" class=\"wp-block-cover__background has-background-dim-100 has-background-dim\" style=\"background-color:#fffef7\"><\/span><div class=\"wp-block-cover__inner-container has-global-padding is-layout-constrained wp-container-core-cover-is-layout-de86d7c0 wp-block-cover-is-layout-constrained\">\n<div class=\"wp-block-columns is-layout-flex wp-container-core-columns-is-layout-c2d6fa21 wp-block-columns-is-layout-flex\">\n<div class=\"wp-block-column is-vertically-aligned-center is-layout-flow wp-block-column-is-layout-flow\" style=\"padding-right:60px\">\n<h2 class=\"wp-block-heading has-text-color has-link-color wp-elements-8b0afc93d3c2285ba7c13b871f5c5c1d\" style=\"color:#646257;font-size:clamp(29.768px, 1.861rem + ((1vw - 3.2px) * 2.526), 52px);\">Vi Bryr Oss<\/h2>\n\n\n\n<ul style=\"color:#646257;font-size:clamp(14px, 0.875rem + ((1vw - 3.2px) * 0.227), 16px);line-height:1.8\" class=\"has-text-color has-link-color wp-block-list wp-elements-a22630c686a4ad09900c55495c11e4e1\">\n<li>1.  Alle de store vedlikeholdsoppgavene er avsluttet.<\/li>\n\n\n\n<li>2. Godt naboskap i en fredelig bydel gj\u00f8r dette til en god plass \u00e5 bo.<\/li>\n\n\n\n<li style=\"font-size:clamp(14px, 0.875rem + ((1vw - 3.2px) * 0.227), 16px);\">3. Klimaanlegget i kjelleren, tilrettelegger for trygg og sikker lagring \u00e5ret rundt.<\/li>\n\n\n\n<li>4. Parkering p\u00e5 egen grunn med lademulighet.<\/li>\n\n\n\n<li>5. Sentrumsn\u00e6rt, med skoler og barnehager i gangavstand .<\/li>\n\n\n\n<li>6. En dedikert ledergruppe forpliktet til \u00e5 sikre en st\u00f8dig og trygg drift av huset.<\/li>\n<\/ul>\n<\/div>\n\n\n\n<div class=\"wp-block-column is-layout-flow wp-block-column-is-layout-flow\" style=\"flex-basis:50%\">\n<figure class=\"wp-block-image aligncenter size-full\"><img decoding=\"async\" src=\"https:\/\/images.unsplash.com\/photo-1576140540933-18547e4ad0aa?ixid=M3w1NjExMzd8MHwxfHNlYXJjaHw0fHxub3J3YXklMjBnYXJkZW58ZW58MHx8fHwxNzExODg5MTAzfDA&amp;ixlib=rb-4.0.3&amp;fm=webp&amp;w=1024&amp;h=683&amp;fit=crop\" alt=\"\" class=\"wp-image-1909\" style=\"aspect-ratio:4\/3;object-fit:cover\"\/><\/figure>\n<\/div>\n<\/div>\n<\/div><\/div>\n\n\n\n<div class=\"wp-block-group alignfull has-background has-global-padding is-layout-constrained wp-container-core-group-is-layout-ffd76c75 wp-block-group-is-layout-constrained\" style=\"background-color:#e4e2d7;margin-top:0;margin-bottom:0;padding-top:150px;padding-bottom:150px\">\n<h2 class=\"wp-block-heading has-text-align-center has-text-color\" style=\"color:#646257;font-size:clamp(31.152px, 1.947rem + ((1vw - 3.2px) * 2.71), 55px);font-style:normal;font-weight:500\">Ta Kontakt med Oss<\/h2>\n\n\n\n<h6 class=\"wp-block-heading has-text-align-center has-text-color\" style=\"color:#646257;font-size:clamp(14.082px, 0.88rem + ((1vw - 3.2px) * 0.786), 21px);font-style:normal;font-weight:400;text-transform:none\">Vi er her for \u00e5 svare p\u00e5 alle sp\u00f8rsm\u00e5l du m\u00e5tte ha og hjelpe deg med \u00e5 ta neste skritt mot \u00e5 bli med i v\u00e5rt pulserende fellesskap. Kontakt oss i dag!<\/h6>\n\n\n\n<div class=\"wp-block-buttons is-content-justification-center is-layout-flex wp-container-core-buttons-is-layout-a5792793 wp-block-buttons-is-layout-flex\" style=\"margin-top:50px\">\n<div class=\"wp-block-button has-custom-font-size is-style-fill\" style=\"font-size:clamp(14px, 0.875rem + ((1vw - 3.2px) * 0.227), 16px);letter-spacing:1px;text-transform:uppercase\"><a class=\"wp-block-button__link has-text-color has-background has-border-color wp-element-button\" style=\"border-color:#646257;border-width:1px;border-radius:0px;color:#fffef7;background-color:#332e29;padding-top:15px;padding-right:65px;padding-bottom:15px;padding-left:65px\">BLI MED OSS<\/a><\/div>\n<\/div>\n<\/div>\n","protected":false},"excerpt":{"rendered":"<p>Ta Kontakt med Oss Vi er her for \u00e5 svare p\u00e5 alle sp\u00f8rsm\u00e5l du m\u00e5tte ha og hjelpe deg med \u00e5 ta neste skritt mot \u00e5 bli med i v\u00e5rt pulserende fellesskap. Kontakt oss i dag!<\/p>\n","protected":false},"author":2,"featured_media":0,"parent":0,"menu_order":0,"comment_status":"closed","ping_status":"closed","template":"","meta":{"footnotes":""},"class_list":["post-19","page","type-page","status-publish","hentry"],"_links":{"self":[{"href":"https:\/\/xn--vredalenborettslag2-u7b.no\/index.php?rest_route=\/wp\/v2\/pages\/19","targetHints":{"allow":["GET"]}}],"collection":[{"href":"https:\/\/xn--vredalenborettslag2-u7b.no\/index.php?rest_route=\/wp\/v2\/pages"}],"about":[{"href":"https:\/\/xn--vredalenborettslag2-u7b.no\/index.php?rest_route=\/wp\/v2\/types\/page"}],"author":[{"embeddable":true,"href":"https:\/\/xn--vredalenborettslag2-u7b.no\/index.php?rest_route=\/wp\/v2\/users\/2"}],"replies":[{"embeddable":true,"href":"https:\/\/xn--vredalenborettslag2-u7b.no\/index.php?rest_route=%2Fwp%2Fv2%2Fcomments&post=19"}],"version-history":[{"count":19,"href":"https:\/\/xn--vredalenborettslag2-u7b.no\/index.php?rest_route=\/wp\/v2\/pages\/19\/revisions"}],"predecessor-version":[{"id":103,"href":"https:\/\/xn--vredalenborettslag2-u7b.no\/index.php?rest_route=\/wp\/v2\/pages\/19\/revisions\/103"}],"wp:attachment":[{"href":"https:\/\/xn--vredalenborettslag2-u7b.no\/index.php?rest_route=%2Fwp%2Fv2%2Fmedia&parent=19"}],"curies":[{"name":"wp","href":"https:\/\/api.w.org\/{rel}","templated":true}]}}